{"id":229,"date":"2022-01-26T17:45:47","date_gmt":"2022-01-26T17:45:47","guid":{"rendered":"https:\/\/cursos.qualos.com.mx\/?page_id=229"},"modified":"2022-01-27T16:52:06","modified_gmt":"2022-01-27T16:52:06","slug":"auditor-interno-iatf-16949-2016","status":"publish","type":"page","link":"https:\/\/cursos.qualos.com.mx\/index.php\/auditor-interno-iatf-16949-2016\/","title":{"rendered":"Auditor Interno IATF 16949-2016"},"content":{"rendered":"\n<p><strong>OBJETIVO<\/strong>&nbsp;<\/p>\n\n\n\n<p>El participante identificar\u00e1 y relacionar\u00e1 las directrices de auditoria ISO 19011:2018, enfocando las competencias requeridas para la norma IATF 16949:2016 e ISO 9001:2015 con la finalidad de que desempe\u00f1e de materia eficaz el papel de auditor interno.&nbsp;<\/p>\n\n\n\n<p><strong>ALCANCE<\/strong>&nbsp;<\/p>\n\n\n\n<p><strong>Modalidad: <\/strong>Presencial&nbsp;<\/p>\n\n\n\n<p><strong>Duraci\u00f3n del curso<\/strong>: 24 horas.&nbsp;<\/p>\n\n\n\n<p><strong>TEMARIO<\/strong><\/p>\n\n\n\n<p><strong>TEMA I&nbsp;<\/strong> <strong><\/strong>&nbsp;<\/p>\n\n\n\n<ul class=\"wp-block-list\"><li>Introducci\u00f3n, fundamentos y conceptos generales&nbsp;<\/li><li>Comprensi\u00f3n de la Norma IATF 16949:2016&nbsp;&nbsp;<\/li><li>Complemento de la ISO 9001:2015 con la IATF&nbsp;<\/li><li>Enfoque basado a procesos con enfoque automotriz&nbsp;<\/li><li>Pensamiento basado en riesgos (b\u00e1sico ISO 31000:2018)&nbsp;&nbsp;&nbsp;&nbsp;<\/li><\/ul>\n\n\n\n<ul class=\"wp-block-list\"><li>Cumplimientos B\u00e1sicos de la IATF para su implementaci\u00f3n&nbsp;<\/li><\/ul>\n\n\n\n<p><strong>TEMA II&nbsp;<\/strong>&nbsp;<\/p>\n\n\n\n<ul class=\"wp-block-list\"><li>Auditoria bajo el enfoque Planear, Hacer, Verificar y Actuar&nbsp;<\/li><li>Auditoria basado en procesos y riesgos con enfoque ISO 19011:2018&nbsp;<\/li><li>Directrices para la formaci\u00f3n de auditores bajo la norma ISO 19011:2018&nbsp;<\/li><li>Gesti\u00f3n de Auditor\u00edas Internas&nbsp;<\/li><\/ul>\n\n\n\n<ul class=\"wp-block-list\"><li>Perfil del Auditor Interno&nbsp;<\/li><li>Competencias de Auditores&nbsp;<\/li><li>Examen de habilidades y comportamientos del auditor&nbsp;<\/li><\/ul>\n\n\n\n<p><strong>TEMA III&nbsp;<\/strong>&nbsp;<\/p>\n\n\n\n<ul class=\"wp-block-list\"><li>Planeaci\u00f3n para realizar una auditor\u00eda&nbsp;&nbsp;<\/li><\/ul>\n\n\n\n<ul class=\"wp-block-list\"><li>Definici\u00f3n del objetivo, alcance y criterios de auditoria&nbsp;<\/li><li>Caso de Estudio: Elaboraci\u00f3n de Plan o Agenda&nbsp;<\/li><li>Desarrollo del proceso de Auditoria Interna&nbsp;<\/li><li>Listas de Verificaci\u00f3n para auditoria&nbsp;&nbsp;<\/li><li>Caso de Estudio (preguntas de auditor)&nbsp;<\/li><\/ul>\n\n\n\n<p><strong>TEMA IV&nbsp;&nbsp;<\/strong>&nbsp;<\/p>\n\n\n\n<ul class=\"wp-block-list\"><li>Preparaci\u00f3n del auditor y realizaci\u00f3n de entrevistas&nbsp;<\/li><li>Clasificaci\u00f3n y generaci\u00f3n de Hallazgos (No Conformidades)&nbsp;<\/li><li>Elaboraci\u00f3n de Reporte e Informe de Auditoria&nbsp;<\/li><li>Ejercicios de Casos de Estudios para la elaboraci\u00f3n de un informe&nbsp;<\/li><\/ul>\n\n\n\n<ul class=\"wp-block-list\"><li>Examen Final&nbsp;&nbsp;<\/li><\/ul>\n\n\n\n<p><\/p>\n\n\n\n<p><a href=\"https:\/\/api.whatsapp.com\/send?phone=5218445549006\" data-type=\"URL\" data-id=\"https:\/\/api.whatsapp.com\/send?phone=5218445549006\"><img decoding=\"async\" width=\"100\" height=\"100\" class=\"wp-image-242\" style=\"width: 100px;\" src=\"https:\/\/cursos.qualos.com.mx\/wp-content\/uploads\/2022\/01\/descarga-4.jpeg\" alt=\"\" srcset=\"https:\/\/cursos.qualos.com.mx\/wp-content\/uploads\/2022\/01\/descarga-4.jpeg 224w, https:\/\/cursos.qualos.com.mx\/wp-content\/uploads\/2022\/01\/descarga-4-100x100.jpeg 100w, https:\/\/cursos.qualos.com.mx\/wp-content\/uploads\/2022\/01\/descarga-4-150x150.jpeg 150w\" sizes=\"(max-width: 100px) 100vw, 100px\" \/><\/a><\/p>\n","protected":false},"excerpt":{"rendered":"<p>OBJETIVO&nbsp; El participante identificar\u00e1 y relacionar\u00e1 las directrices de auditoria ISO 19011:2018, enfocando las competencias requeridas para la norma IATF 16949:2016 e ISO 9001:2015 con la finalidad de que desempe\u00f1e de materia eficaz el papel de auditor interno.&nbsp; ALCANCE&nbsp; Modalidad: Presencial&nbsp; Duraci\u00f3n del curso: 24 horas.&nbsp; TEMARIO TEMA I&nbsp; &nbsp; Introducci\u00f3n, fundamentos y conceptos generales&nbsp;&hellip;&nbsp;<a href=\"https:\/\/cursos.qualos.com.mx\/index.php\/auditor-interno-iatf-16949-2016\/\" rel=\"bookmark\">Leer m\u00e1s &raquo;<span class=\"screen-reader-text\">Auditor Interno IATF 16949-2016<\/span><\/a><\/p>\n","protected":false},"author":1,"featured_media":0,"parent":0,"menu_order":0,"comment_status":"closed","ping_status":"closed","template":"","meta":{"neve_meta_sidebar":"","neve_meta_container":"","neve_meta_enable_content_width":"","neve_meta_content_width":0,"neve_meta_title_alignment":"","neve_meta_author_avatar":"","neve_post_elements_order":"","neve_meta_disable_header":"","neve_meta_disable_footer":"","neve_meta_disable_title":"","_joinchat":[],"footnotes":""},"class_list":["post-229","page","type-page","status-publish","hentry"],"jetpack_sharing_enabled":true,"_links":{"self":[{"href":"https:\/\/cursos.qualos.com.mx\/index.php\/wp-json\/wp\/v2\/pages\/229","targetHints":{"allow":["GET"]}}],"collection":[{"href":"https:\/\/cursos.qualos.com.mx\/index.php\/wp-json\/wp\/v2\/pages"}],"about":[{"href":"https:\/\/cursos.qualos.com.mx\/index.php\/wp-json\/wp\/v2\/types\/page"}],"author":[{"embeddable":true,"href":"https:\/\/cursos.qualos.com.mx\/index.php\/wp-json\/wp\/v2\/users\/1"}],"replies":[{"embeddable":true,"href":"https:\/\/cursos.qualos.com.mx\/index.php\/wp-json\/wp\/v2\/comments?post=229"}],"version-history":[{"count":3,"href":"https:\/\/cursos.qualos.com.mx\/index.php\/wp-json\/wp\/v2\/pages\/229\/revisions"}],"predecessor-version":[{"id":245,"href":"https:\/\/cursos.qualos.com.mx\/index.php\/wp-json\/wp\/v2\/pages\/229\/revisions\/245"}],"wp:attachment":[{"href":"https:\/\/cursos.qualos.com.mx\/index.php\/wp-json\/wp\/v2\/media?parent=229"}],"curies":[{"name":"wp","href":"https:\/\/api.w.org\/{rel}","templated":true}]}}