{"id":331,"date":"2022-02-24T17:26:53","date_gmt":"2022-02-24T17:26:53","guid":{"rendered":"https:\/\/cursos.qualos.com.mx\/?page_id=331"},"modified":"2022-02-24T17:30:23","modified_gmt":"2022-02-24T17:30:23","slug":"curso-ppap","status":"publish","type":"page","link":"https:\/\/cursos.qualos.com.mx\/index.php\/curso-ppap\/","title":{"rendered":"Curso PPAP"},"content":{"rendered":"\n<p><strong>OBJETIVO PPAP<\/strong>&nbsp;<\/p>\n\n\n\n<p>Proporcionar al participante el conocimiento para la elaboraci\u00f3n de un PPAP&nbsp;<\/p>\n\n\n\n<p><strong>ALCANCE&nbsp;<\/strong>&nbsp;<\/p>\n\n\n\n<p><strong>Duraci\u00f3n del curso<\/strong>: 08 horas&nbsp;&nbsp;<\/p>\n\n\n\n<p><strong>TEMARIO PPAP<\/strong>&nbsp;<\/p>\n\n\n\n<p><strong>PPAP&nbsp;<\/strong>&nbsp;<\/p>\n\n\n\n<ul class=\"wp-block-list\"><li>Relaci\u00f3n normativa ISO IATF 16949 Y PPAP&nbsp;<\/li><li>Relaci\u00f3n de los Core Tools y el PPAP&nbsp;<\/li><li>Prop\u00f3sito y aplicaci\u00f3n del PPAP&nbsp;<\/li><\/ul>\n\n\n\n<ul class=\"wp-block-list\"><li>An\u00e1lisis del riesgo del PPAP&nbsp;<\/li><li>Relaci\u00f3n del PPAP-APQP-Nuevo AMFEF&nbsp;<\/li><li>Raz\u00f3n y justificaci\u00f3n para la emisi\u00f3n de un PPAP&nbsp;<\/li><li>PPAP y an\u00e1lisis de factibilidad&nbsp;&nbsp;<\/li><li>18 puntos del PPAP&nbsp;<\/li><\/ul>\n\n\n\n<ul class=\"wp-block-list\"><li>Proceso de evaluaci\u00f3n y auditoria de un PPAP&nbsp;<\/li><\/ul>\n\n\n\n<figure class=\"wp-block-image size-full is-resized\"><a href=\"https:\/\/api.whatsapp.com\/send?phone=5218445549006\"><img decoding=\"async\" src=\"https:\/\/cursos.qualos.com.mx\/wp-content\/uploads\/2022\/01\/descarga-4.jpeg\" alt=\"\" class=\"wp-image-242\" width=\"105\" height=\"105\" srcset=\"https:\/\/cursos.qualos.com.mx\/wp-content\/uploads\/2022\/01\/descarga-4.jpeg 224w, https:\/\/cursos.qualos.com.mx\/wp-content\/uploads\/2022\/01\/descarga-4-100x100.jpeg 100w, https:\/\/cursos.qualos.com.mx\/wp-content\/uploads\/2022\/01\/descarga-4-150x150.jpeg 150w\" sizes=\"(max-width: 105px) 100vw, 105px\" \/><\/a><\/figure>\n\n\n\n<p><\/p>\n","protected":false},"excerpt":{"rendered":"<p>OBJETIVO PPAP&nbsp; Proporcionar al participante el conocimiento para la elaboraci\u00f3n de un PPAP&nbsp; ALCANCE&nbsp;&nbsp; Duraci\u00f3n del curso: 08 horas&nbsp;&nbsp; TEMARIO PPAP&nbsp; PPAP&nbsp;&nbsp; Relaci\u00f3n normativa ISO IATF 16949 Y PPAP&nbsp; Relaci\u00f3n de los Core Tools y el PPAP&nbsp; Prop\u00f3sito y aplicaci\u00f3n del PPAP&nbsp; An\u00e1lisis del riesgo del PPAP&nbsp; Relaci\u00f3n del PPAP-APQP-Nuevo AMFEF&nbsp; Raz\u00f3n y justificaci\u00f3n para&hellip;&nbsp;<a href=\"https:\/\/cursos.qualos.com.mx\/index.php\/curso-ppap\/\" rel=\"bookmark\">Leer m\u00e1s &raquo;<span class=\"screen-reader-text\">Curso PPAP<\/span><\/a><\/p>\n","protected":false},"author":1,"featured_media":0,"parent":0,"menu_order":0,"comment_status":"closed","ping_status":"closed","template":"","meta":{"neve_meta_sidebar":"full-width","neve_meta_container":"","neve_meta_enable_content_width":"on","neve_meta_content_width":100,"neve_meta_title_alignment":"","neve_meta_author_avatar":"","neve_post_elements_order":"","neve_meta_disable_header":"","neve_meta_disable_footer":"","neve_meta_disable_title":"","_joinchat":[],"footnotes":""},"class_list":["post-331","page","type-page","status-publish","hentry"],"jetpack_sharing_enabled":true,"_links":{"self":[{"href":"https:\/\/cursos.qualos.com.mx\/index.php\/wp-json\/wp\/v2\/pages\/331","targetHints":{"allow":["GET"]}}],"collection":[{"href":"https:\/\/cursos.qualos.com.mx\/index.php\/wp-json\/wp\/v2\/pages"}],"about":[{"href":"https:\/\/cursos.qualos.com.mx\/index.php\/wp-json\/wp\/v2\/types\/page"}],"author":[{"embeddable":true,"href":"https:\/\/cursos.qualos.com.mx\/index.php\/wp-json\/wp\/v2\/users\/1"}],"replies":[{"embeddable":true,"href":"https:\/\/cursos.qualos.com.mx\/index.php\/wp-json\/wp\/v2\/comments?post=331"}],"version-history":[{"count":2,"href":"https:\/\/cursos.qualos.com.mx\/index.php\/wp-json\/wp\/v2\/pages\/331\/revisions"}],"predecessor-version":[{"id":335,"href":"https:\/\/cursos.qualos.com.mx\/index.php\/wp-json\/wp\/v2\/pages\/331\/revisions\/335"}],"wp:attachment":[{"href":"https:\/\/cursos.qualos.com.mx\/index.php\/wp-json\/wp\/v2\/media?parent=331"}],"curies":[{"name":"wp","href":"https:\/\/api.w.org\/{rel}","templated":true}]}}