{"id":363,"date":"2022-02-25T18:05:22","date_gmt":"2022-02-25T18:05:22","guid":{"rendered":"https:\/\/cursos.qualos.com.mx\/?page_id=363"},"modified":"2022-02-25T18:05:22","modified_gmt":"2022-02-25T18:05:22","slug":"legislacion-ambiental","status":"publish","type":"page","link":"https:\/\/cursos.qualos.com.mx\/index.php\/legislacion-ambiental\/","title":{"rendered":"Legislaci\u00f3n Ambiental"},"content":{"rendered":"\n<p><strong>OBJETIVO<\/strong><\/p>\n\n\n\n<p>El participante conocer\u00e1 el marco jur\u00eddico ambiental en los \u00e1mbitos Federal, Estatal y Municipal, as\u00ed como las modificaciones de legislaci\u00f3n existentes hasta la fecha.Conocer\u00e1n los requisitos legales espec\u00edficos del sector industrial y su forma de aplicaci\u00f3n.<\/p>\n\n\n\n<p><strong>ALCANCE<\/strong><\/p>\n\n\n\n<p>Duraci\u00f3n del curso: 08horas.<\/p>\n\n\n\n<p><strong>Temario<\/strong><\/p>\n\n\n\n<ul class=\"wp-block-list\"><li>Antecedentes<\/li><li>Marco jur\u00eddico ambiental<\/li><li>Leyes<\/li><li>Reglamentos<\/li><li>Normas Oficiales Mexicanas<\/li><li>Dependencias Gubernamentales<\/li><li>Requerimientos a Cumplir<\/li><li>Sanciones<\/li><\/ul>\n\n\n\n<figure class=\"wp-block-image size-full is-resized\"><a href=\"https:\/\/api.whatsapp.com\/send?phone=5218445549006\"><img decoding=\"async\" src=\"https:\/\/cursos.qualos.com.mx\/wp-content\/uploads\/2022\/01\/descarga-4.jpeg\" alt=\"\" class=\"wp-image-242\" width=\"109\" height=\"109\" srcset=\"https:\/\/cursos.qualos.com.mx\/wp-content\/uploads\/2022\/01\/descarga-4.jpeg 224w, https:\/\/cursos.qualos.com.mx\/wp-content\/uploads\/2022\/01\/descarga-4-100x100.jpeg 100w, https:\/\/cursos.qualos.com.mx\/wp-content\/uploads\/2022\/01\/descarga-4-150x150.jpeg 150w\" sizes=\"(max-width: 109px) 100vw, 109px\" \/><\/a><\/figure>\n","protected":false},"excerpt":{"rendered":"<p>OBJETIVO El participante conocer\u00e1 el marco jur\u00eddico ambiental en los \u00e1mbitos Federal, Estatal y Municipal, as\u00ed como las modificaciones de legislaci\u00f3n existentes hasta la fecha.Conocer\u00e1n los requisitos legales espec\u00edficos del sector industrial y su forma de aplicaci\u00f3n. ALCANCE Duraci\u00f3n del curso: 08horas. Temario Antecedentes Marco jur\u00eddico ambiental Leyes Reglamentos Normas Oficiales Mexicanas Dependencias Gubernamentales Requerimientos&hellip;&nbsp;<a href=\"https:\/\/cursos.qualos.com.mx\/index.php\/legislacion-ambiental\/\" rel=\"bookmark\">Leer m\u00e1s &raquo;<span class=\"screen-reader-text\">Legislaci\u00f3n Ambiental<\/span><\/a><\/p>\n","protected":false},"author":1,"featured_media":0,"parent":0,"menu_order":0,"comment_status":"closed","ping_status":"closed","template":"","meta":{"neve_meta_sidebar":"full-width","neve_meta_container":"","neve_meta_enable_content_width":"on","neve_meta_content_width":100,"neve_meta_title_alignment":"","neve_meta_author_avatar":"","neve_post_elements_order":"","neve_meta_disable_header":"","neve_meta_disable_footer":"","neve_meta_disable_title":"","_joinchat":[],"footnotes":""},"class_list":["post-363","page","type-page","status-publish","hentry"],"jetpack_sharing_enabled":true,"_links":{"self":[{"href":"https:\/\/cursos.qualos.com.mx\/index.php\/wp-json\/wp\/v2\/pages\/363","targetHints":{"allow":["GET"]}}],"collection":[{"href":"https:\/\/cursos.qualos.com.mx\/index.php\/wp-json\/wp\/v2\/pages"}],"about":[{"href":"https:\/\/cursos.qualos.com.mx\/index.php\/wp-json\/wp\/v2\/types\/page"}],"author":[{"embeddable":true,"href":"https:\/\/cursos.qualos.com.mx\/index.php\/wp-json\/wp\/v2\/users\/1"}],"replies":[{"embeddable":true,"href":"https:\/\/cursos.qualos.com.mx\/index.php\/wp-json\/wp\/v2\/comments?post=363"}],"version-history":[{"count":1,"href":"https:\/\/cursos.qualos.com.mx\/index.php\/wp-json\/wp\/v2\/pages\/363\/revisions"}],"predecessor-version":[{"id":364,"href":"https:\/\/cursos.qualos.com.mx\/index.php\/wp-json\/wp\/v2\/pages\/363\/revisions\/364"}],"wp:attachment":[{"href":"https:\/\/cursos.qualos.com.mx\/index.php\/wp-json\/wp\/v2\/media?parent=363"}],"curies":[{"name":"wp","href":"https:\/\/api.w.org\/{rel}","templated":true}]}}