{"id":442,"date":"2022-03-03T17:40:18","date_gmt":"2022-03-03T17:40:18","guid":{"rendered":"https:\/\/cursos.qualos.com.mx\/?page_id=442"},"modified":"2022-03-03T17:40:18","modified_gmt":"2022-03-03T17:40:18","slug":"autocad","status":"publish","type":"page","link":"https:\/\/cursos.qualos.com.mx\/index.php\/autocad\/","title":{"rendered":"AutoCAD"},"content":{"rendered":"\n<p>ograr que los participantes realicen de manera eficaz planos t\u00e9cnicos con AutoCAD 2D y 3D obteniendo los conocimientos te\u00f3ricos y pr\u00e1ctico para dominar las t\u00e9cnicas de dibujo.&nbsp;<\/p>\n\n\n\n<p>Nota: El participante debe contar con equipo de laptop y con el software AutoCAD instalado.&nbsp;<\/p>\n\n\n\n<p>(puede ser el AutoCAD versi\u00f3n de prueba)&nbsp;<\/p>\n\n\n\n<p><strong>ALCANCE<\/strong>&nbsp;<\/p>\n\n\n\n<p><strong>Duraci\u00f3n del curso<\/strong>: 12 horas.\u00a0<\/p>\n\n\n\n<p><strong>TEMARIO<\/strong>&nbsp;<\/p>\n\n\n\n<p><strong>MODULO CAD 1 Inici\u00e1ndose en AutoCAD<\/strong>&nbsp;<\/p>\n\n\n\n<ul class=\"wp-block-list\"><li>Historia y Conceptualizaci\u00f3n. (terminolog\u00edas)&nbsp;&nbsp;<\/li><li>Gu\u00eda de Comandos y Manual AutoCAD&nbsp;&nbsp;<\/li><\/ul>\n\n\n\n<ul class=\"wp-block-list\"><li>Propiedades de Objetos.&nbsp;<\/li><li>Geometr\u00eda de Objetos B\u00e1sicos y Compuestos.&nbsp;<\/li><\/ul>\n\n\n\n<p><strong>MODULO CAD 2 Aplicaci\u00f3n de Comandos y Herramientas.<\/strong>&nbsp;<\/p>\n\n\n\n<ul class=\"wp-block-list\"><li>Uso de Comandos e Iconos.&nbsp;<\/li><\/ul>\n\n\n\n<ul class=\"wp-block-list\"><li>Modificaciones y Acotaciones con Comandos e iconos.&nbsp;<\/li><li>Funciones B\u00e1sicas.&nbsp;<\/li><\/ul>\n\n\n\n<p><strong>MODULO CAD 3 Aplicaci\u00f3n de AutoCAD 2D Y 3D<\/strong>&nbsp;<\/p>\n\n\n\n<ul class=\"wp-block-list\"><li>Aplicaci\u00f3n de vistas e isometr\u00edas.&nbsp;<\/li><\/ul>\n\n\n\n<ul class=\"wp-block-list\"><li>Aplicaci\u00f3n de Orbit y Visual Style.\u00a0<\/li><li>Edici\u00f3n de S\u00f3lidos\u00a0<\/li><li>Edici\u00f3n de Modelado 3D\u00a0<\/li><\/ul>\n\n\n\n<figure class=\"wp-block-image size-full\"><a href=\"https:\/\/api.whatsapp.com\/send?phone=5218445549006\"><img decoding=\"async\" width=\"102\" height=\"102\" src=\"https:\/\/cursos.qualos.com.mx\/wp-content\/uploads\/2021\/03\/watssap.png\" alt=\"\" class=\"wp-image-72\" srcset=\"https:\/\/cursos.qualos.com.mx\/wp-content\/uploads\/2021\/03\/watssap.png 102w, https:\/\/cursos.qualos.com.mx\/wp-content\/uploads\/2021\/03\/watssap-100x100.png 100w\" sizes=\"(max-width: 102px) 100vw, 102px\" \/><\/a><\/figure>\n","protected":false},"excerpt":{"rendered":"<p>ograr que los participantes realicen de manera eficaz planos t\u00e9cnicos con AutoCAD 2D y 3D obteniendo los conocimientos te\u00f3ricos y pr\u00e1ctico para dominar las t\u00e9cnicas de dibujo.&nbsp; Nota: El participante debe contar con equipo de laptop y con el software AutoCAD instalado.&nbsp; (puede ser el AutoCAD versi\u00f3n de prueba)&nbsp; ALCANCE&nbsp; Duraci\u00f3n del curso: 12 horas.\u00a0&hellip;&nbsp;<a href=\"https:\/\/cursos.qualos.com.mx\/index.php\/autocad\/\" rel=\"bookmark\">Leer m\u00e1s &raquo;<span class=\"screen-reader-text\">AutoCAD<\/span><\/a><\/p>\n","protected":false},"author":1,"featured_media":0,"parent":0,"menu_order":0,"comment_status":"closed","ping_status":"closed","template":"","meta":{"neve_meta_sidebar":"full-width","neve_meta_container":"","neve_meta_enable_content_width":"on","neve_meta_content_width":100,"neve_meta_title_alignment":"","neve_meta_author_avatar":"","neve_post_elements_order":"","neve_meta_disable_header":"","neve_meta_disable_footer":"","neve_meta_disable_title":"","_joinchat":[],"footnotes":""},"class_list":["post-442","page","type-page","status-publish","hentry"],"jetpack_sharing_enabled":true,"_links":{"self":[{"href":"https:\/\/cursos.qualos.com.mx\/index.php\/wp-json\/wp\/v2\/pages\/442","targetHints":{"allow":["GET"]}}],"collection":[{"href":"https:\/\/cursos.qualos.com.mx\/index.php\/wp-json\/wp\/v2\/pages"}],"about":[{"href":"https:\/\/cursos.qualos.com.mx\/index.php\/wp-json\/wp\/v2\/types\/page"}],"author":[{"embeddable":true,"href":"https:\/\/cursos.qualos.com.mx\/index.php\/wp-json\/wp\/v2\/users\/1"}],"replies":[{"embeddable":true,"href":"https:\/\/cursos.qualos.com.mx\/index.php\/wp-json\/wp\/v2\/comments?post=442"}],"version-history":[{"count":1,"href":"https:\/\/cursos.qualos.com.mx\/index.php\/wp-json\/wp\/v2\/pages\/442\/revisions"}],"predecessor-version":[{"id":443,"href":"https:\/\/cursos.qualos.com.mx\/index.php\/wp-json\/wp\/v2\/pages\/442\/revisions\/443"}],"wp:attachment":[{"href":"https:\/\/cursos.qualos.com.mx\/index.php\/wp-json\/wp\/v2\/media?parent=442"}],"curies":[{"name":"wp","href":"https:\/\/api.w.org\/{rel}","templated":true}]}}