{"id":472,"date":"2022-03-03T18:22:45","date_gmt":"2022-03-03T18:22:45","guid":{"rendered":"https:\/\/cursos.qualos.com.mx\/?page_id=472"},"modified":"2022-03-03T18:22:46","modified_gmt":"2022-03-03T18:22:46","slug":"msa-control-estadistico-del-proceso","status":"publish","type":"page","link":"https:\/\/cursos.qualos.com.mx\/index.php\/msa-control-estadistico-del-proceso\/","title":{"rendered":"MSA\u00a0(Control Estad\u00edstico del Proceso)"},"content":{"rendered":"\n<p><strong>OBJETIVO<\/strong>&nbsp;<\/p>\n\n\n\n<p>Dar a conocer las t\u00e9cnicas para analizar el sistema de medici\u00f3n de la compa\u00f1\u00eda y proporcionar el marco de referencia para que desarrollen el proceso de evaluaci\u00f3n de la calidad del sistema de medici\u00f3n.&nbsp;<\/p>\n\n\n\n<p><strong>ALCANCE&nbsp;<\/strong>&nbsp;<\/p>\n\n\n\n<p><strong>Duraci\u00f3n del curso<\/strong>: 12 horas.&nbsp;<\/p>\n\n\n\n<p><strong>TEMARIO<\/strong>&nbsp;<\/p>\n\n\n\n<ul class=\"wp-block-list\"><li>Introducci\u00f3n a los sistemas de medici\u00f3n&nbsp;<\/li><li>Calidad de los datos de medici\u00f3n&nbsp;<\/li><li>Terminolog\u00eda&nbsp;&nbsp;<\/li><li>Patrones y rastreabilidad&nbsp;<\/li><\/ul>\n\n\n\n<ul class=\"wp-block-list\"><li>Proceso de medici\u00f3n&nbsp;<\/li><li>Fuentes de variaci\u00f3n&nbsp;<\/li><li>Planeaci\u00f3n y Estrategia de las mediciones&nbsp;<\/li><li>Desarrollo y selecci\u00f3n de las fuentes de medici\u00f3n&nbsp;<\/li><li>Aspectos claves de las mediciones&nbsp;<\/li><\/ul>\n\n\n\n<ul class=\"wp-block-list\"><li>Incertidumbre en las mediciones&nbsp;<\/li><li>An\u00e1lisis de problemas de las mediciones&nbsp;<\/li><li>Sesgo y Linealidad&nbsp;<\/li><li>Repetibilidad y reproducibilidad (R &amp; R) Variables&nbsp;<\/li><li>Desarrollando el proceso de an\u00e1lisis del sistema de medici\u00f3n&nbsp;<\/li><\/ul>\n\n\n\n<ul class=\"wp-block-list\"><li>An\u00e1lisis de sistemas de medici\u00f3n por atributos\u00a0<\/li><li>Muestreo\u00a0<\/li><li>An\u00e1lisis KAPA\u00a0<\/li><\/ul>\n\n\n\n<figure class=\"wp-block-image size-full\"><a href=\"https:\/\/api.whatsapp.com\/send?phone=5218445549006\"><img decoding=\"async\" width=\"102\" height=\"102\" src=\"https:\/\/cursos.qualos.com.mx\/wp-content\/uploads\/2021\/03\/watssap.png\" alt=\"\" class=\"wp-image-72\" srcset=\"https:\/\/cursos.qualos.com.mx\/wp-content\/uploads\/2021\/03\/watssap.png 102w, https:\/\/cursos.qualos.com.mx\/wp-content\/uploads\/2021\/03\/watssap-100x100.png 100w\" sizes=\"(max-width: 102px) 100vw, 102px\" \/><\/a><\/figure>\n","protected":false},"excerpt":{"rendered":"<p>OBJETIVO&nbsp; Dar a conocer las t\u00e9cnicas para analizar el sistema de medici\u00f3n de la compa\u00f1\u00eda y proporcionar el marco de referencia para que desarrollen el proceso de evaluaci\u00f3n de la calidad del sistema de medici\u00f3n.&nbsp; ALCANCE&nbsp;&nbsp; Duraci\u00f3n del curso: 12 horas.&nbsp; TEMARIO&nbsp; Introducci\u00f3n a los sistemas de medici\u00f3n&nbsp; Calidad de los datos de medici\u00f3n&nbsp; Terminolog\u00eda&nbsp;&nbsp;&hellip;&nbsp;<a href=\"https:\/\/cursos.qualos.com.mx\/index.php\/msa-control-estadistico-del-proceso\/\" rel=\"bookmark\">Leer m\u00e1s &raquo;<span class=\"screen-reader-text\">MSA\u00a0(Control Estad\u00edstico del Proceso)<\/span><\/a><\/p>\n","protected":false},"author":1,"featured_media":0,"parent":0,"menu_order":0,"comment_status":"closed","ping_status":"closed","template":"","meta":{"neve_meta_sidebar":"full-width","neve_meta_container":"","neve_meta_enable_content_width":"on","neve_meta_content_width":100,"neve_meta_title_alignment":"","neve_meta_author_avatar":"","neve_post_elements_order":"","neve_meta_disable_header":"","neve_meta_disable_footer":"","neve_meta_disable_title":"","_joinchat":[],"footnotes":""},"class_list":["post-472","page","type-page","status-publish","hentry"],"jetpack_sharing_enabled":true,"_links":{"self":[{"href":"https:\/\/cursos.qualos.com.mx\/index.php\/wp-json\/wp\/v2\/pages\/472","targetHints":{"allow":["GET"]}}],"collection":[{"href":"https:\/\/cursos.qualos.com.mx\/index.php\/wp-json\/wp\/v2\/pages"}],"about":[{"href":"https:\/\/cursos.qualos.com.mx\/index.php\/wp-json\/wp\/v2\/types\/page"}],"author":[{"embeddable":true,"href":"https:\/\/cursos.qualos.com.mx\/index.php\/wp-json\/wp\/v2\/users\/1"}],"replies":[{"embeddable":true,"href":"https:\/\/cursos.qualos.com.mx\/index.php\/wp-json\/wp\/v2\/comments?post=472"}],"version-history":[{"count":1,"href":"https:\/\/cursos.qualos.com.mx\/index.php\/wp-json\/wp\/v2\/pages\/472\/revisions"}],"predecessor-version":[{"id":473,"href":"https:\/\/cursos.qualos.com.mx\/index.php\/wp-json\/wp\/v2\/pages\/472\/revisions\/473"}],"wp:attachment":[{"href":"https:\/\/cursos.qualos.com.mx\/index.php\/wp-json\/wp\/v2\/media?parent=472"}],"curies":[{"name":"wp","href":"https:\/\/api.w.org\/{rel}","templated":true}]}}